a648 + -6b?
a5aa
In base 13, what is -c48 - -1c?
-c29
In base 4, what is -10 - 110011320?
-110011330
In base 11, what is -460933 + 0?
-460933
In base 8, what is -115 - -11323?
11206
In base 16, what is -5 + 14d97?
14d92
In base 12, what is -a + 774b?
7741
In base 10, what is 880 + 52?
932
In base 16, what is -195 - 29?
-1be
In base 14, what is -554d + 75?
-54b8
In base 8, what is -7252 - 43?
-7315
In base 7, what is -6164 - -1465?
-4366
In base 14, what is -93a + -9c?
-9d8
In base 10, what is -74548 + -3?
-74551
In base 8, what is -127330 - 56?
-127406
In base 8, what is 10 + -26724?
-26714
In base 8, what is 17 - 3155?
-3136
In base 4, what is 3 + 200012?
200021
In base 12, what is -754 + 1?
-753
In base 10, what is 3 + 16637?
16640
In base 3, what is 110020 - 2111?
100202
In base 3, what is -100 + -2121011200?
-2121012000
In base 9, what is -21565 + 8?
-21556
In base 16, what is 1cac3 - -1?
1cac4
In base 11, what is -2 + 8509?
8507
In base 8, what is -3 + -350521?
-350524
In base 11, what is -11a9 - 60?
-1259
In base 4, what is 21 - -223031021?
223031102
In base 15, what is 21350 + 5?
21355
In base 10, what is 750 + 0?
750
In base 10, what is 6783 - -306?
7089
In base 6, what is -4 - -1321120?
1321112
In base 3, what is -1222101010121 - -12?
-1222101010102
In base 13, what is 2 - -235c2c?
235c31
In base 15, what is -18 - 99d?
-9b6
In base 4, what is 2 + -1232003123?
-1232003121
In base 10, what is 1153966 - 2?
1153964
In base 14, what is -3 + -42d7?
-42da
In base 7, what is -11425022 - 0?
-11425022
In base 2, what is -100 + 111000010011111101?
111000010011111001
In base 6, what is -1433153 + 1?
-1433152
In base 11, what is -16217 - 4?
-16220
In base 10, what is -4078 - -614?
-3464
In base 10, what is 4 - -60337?
60341
In base 16, what is 1d - 749?
-72c
In base 3, what is 20011021 + -112121?
12121200
In base 13, what is 3b52 - 14?
3b3b
In base 9, what is 43550 + 1?
43551
In base 13, what is -1 + -2112?
-2113
In base 9, what is -30580 + 3?
-30576
In base 13, what is 5 + 28a14?
28a19
In base 9, what is -161 - 506?
-667
In base 8, what is -76 + 15534?
15436
In base 12, what is -21a - -664b?
6431
In base 4, what is -2 + -121121120?
-121121122
In base 15, what is -8e1 - -7?
-8d9
In base 2, what is 110010000 - -11000101?
1001010101
In base 8, what is -6630 - -456?
-6152
In base 15, what is -e9 - 93?
-18c
In base 3, what is 20010020121 + 10?
20010020201
In base 9, what is 403 - 12?
381
In base 15, what is -143ea8 - -1?
-143ea7
In base 8, what is -10 + 405774?
405764
In base 10, what is -560 + -503?
-1063
In base 5, what is 4 - 10421?
-10412
In base 10, what is 1 - -6312?
6313
In base 15, what is -49be5 + -5?
-49bea
In base 13, what is 3a0 + 121?
4c1
In base 11, what is 1 - 12358?
-12357
In base 15, what is -1 - 1de4?
-1de5
In base 3, what is 102212 - 10012?
22200
In base 2, what is 1100010000 - -1011001001?
10111011001
In base 7, what is 1441662 - -4?
1441666
In base 13, what is -b3c1 + ba?
-b304
In base 15, what is 6 + -1bd49?
-1bd43
In base 12, what is -6 + 18537?
18531
In base 3, what is 211 - 1202110210?
-1202102222
In base 11, what is 285 + 309?
593
In base 2, what is 11000010 - -111011001011?
111110001101
In base 10, what is 1 - -16116?
16117
In base 3, what is -2022111200 - -11?
-2022111112
In base 12, what is 333 + 1453?
1786
In base 5, what is -3004 + -4033?
-12042
In base 10, what is -5 + -22896?
-22901
In base 16, what is b9f3 + 5?
b9f8
In base 14, what is -a - 1752?
-175c
In base 16, what is -430 - -98?
-398
In base 4, what is 31 + 313221000?
313221031
In base 13, what is 419b9 - -3?
419bc
In base 15, what is 580 + -3ac?
1c3
In base 5, what is 2 + -332424?
-332422
In base 8, what is -2660 - -553?
-2105
In base 13, what is -2 - a533b?
-a5340
In base 6, what is 1240505 - 21?
1240444
In base 16, what is -28 - -432e?
4306
In base 7, what is -12 + 36431?
36416
In base 5, what is 1122 - 14210?
-13033
In base 16, what is -d - 152a?
-1537
In base 5, what is 4 + -2303331?
-2303322
In base 16, what is -2 + -36919?
-3691b
In base 6, what is 324 + -1300?
-532
In base 3, what is -122202200 + 2?
-122202121
In base 5, what is -3331041 + 2?
-3331034
In base 4, what is 112221 - 131?
112030
In base 15, what is -12 + -12db7?
-12dc9
In base 15, what is 2b04b + -5?
2b046
In base 9, what is -6 - -270726?
270720
In base 14, what is 3 + 2206?
2209
In base 3, what is 221010120111 + -2?
221010120102
In base 5, what is 1102 + 241?
1343
In base 15, what is -9a0 - -3?
-99c
In base 11, what is 100 + 65?
165
In base 2, what is 1001 + 1001101101000?
1001101110001
In base 8, what is 13011 - 1?
13010
In base 9, what is 7487 - -532?
8130
In base 13, what is 6cbc + 28?
7017
In base 6, what is 2242315 - -53?
2242412
In base 15, what is -1 - -5dae?
5dad
In base 10, what is -50 + 619?
569
In base 14, what is -1 + 139a29?
139a28
In base 4, what is -220001 + 12133?
-201202
In base 5, what is 401243 - -4?
401302
In base 13, what is 10035 - -5?
1003a
In base 4, what is -31231010 + 10?
-31231000
In base 8, what is 120 + -26?
72
In base 6, what is 1325255 + -1?
1325254
In base 8, what is 47662 + 2?
47664
In base 8, what is 12 + -130753?
-130741
In base 4, what is 22232023 + 102?
22232131
In base 15, what is 475 - 44?
431
In base 11, what is -21 + -15a1?
-1612
In base 13, what is -872 + 3?
-86c
In base 14, what is 2 + -69d9?
-69d7
In base 9, what is -167443 + -15?
-167458
In base 16, what is -4a + -2758?
-27a2
In base 13, what is 90296 - -2?
90298
In base 10, what is -1597 + -51?
-1648
In base 16, what is -1b - 1896?
-18b1
In base 4, what is -1 + 220233?
220232
In base 4, what is 10000112 - 23?
10000023
In base 3, what is -20101200 + -101?
-20102001
In base 13, what is -4 - 29a61?
-29a65
In base 9, what is 13 + 10745?
10758
In base 6, what is 1412013 - 3?
1412010
In base 15, what is 49180b - 1?
49180a
In base 3, what is -11102 - 122222?
-211101
In base 15, what is 6 + -14d?
-147
In base 5, what is -2 + -131233312?
-131233314
In base 13, what is 31 + -177?
-146
In base 12, what is 5440 - 8?
5434
In base 3, what is -10 + 12221102?
12221022
In base 14, what is b4 + d5?
1a9
In base 12, what is 254 + 111?
365
In base 16, what is 2 - -2447?
2449
In base 7, what is 156414 + 6?
156423
In base 10, what is -1 + 77178?
77177
In base 6, what is 11014141 - -5?
11014150
In base 11, what is -11542 + 5?
-11538
In base 12, what is 7 - 4939?
-4932
In base 2, what is 100 + -110011100010011?
-110011100001111
In base 10, what is -218 + -373?
-591
In base 10, what is 0 - -10499?
10499
In base 13, what is 66579 - 1?
66578
In base 13, what is 8 + aa78?
aa83
In base 7, what is -2234 + -2?
-2236
In base 5, what is 3341 - -313?
4204
In base 4, what is 12 - 10023020?
-10023002
In base 16, what is -3 - a054d?
-a0550
In base 4, what is 1 - -1133213?
1133220
In base 2, what is 11001000111001 - -111?
11001001000000
In base 10, what is 12348 - 12?
12336
In base 7, what is -34 + -1003606?
-1003643
In base 13, what is 1330 + 26?
1356
In base 9, what is -1884 + 142?
-1742
In base 14, what is -89703 + -9?
-8970c
In base 12, what is -18 + -b1?
-109
In base 2, what is 100111 - 1111101?
-1010110
In base 9, what is -1 - 122033?
-122034
In base 6, what is 14435 - -34?
14513
In base 7, what is 65242 + -2?
65240
In base 3, what is -121010 + 201122?
10112
In base 14, what is 0 + 12446?
12446
In base 5, what is 10 - -32100021?
32100031
In base 16, what is 1500 - 0?
1500
In base 5, what is 21 + -23231?
-23210
In base 12, what is -3 + -3304?
-3307
In base 4, what is -23 - 1032120310?
-1032120333
In base 11, what is 5a6654 + 4?
5a6658
In base 6, what is 13354 + 2?
13400
In base 7, what is 163 - 426?
-233
In base 14, what is -1a - -2895?
2879
In base 9, what is 44 - 23?
21
In base 2, what is 110011 + -110110110010000?
-110110101011101
In base 16, what is 49d26 - -4?
49d2a
In base 6, what is 110 - -12?
122
In base 14, what is 76630 + 3?
76633
In base 7, what is 5464 - 50?
5414
In base 12, what is -11 - 117b?
-1190
In base 8, what is 546262 - -1?
546263
In base 16, what is 5117a - 5?
51175
In base 9, what is -400 + 5?
-384
In base 15, what is a8 - -149?
202
In base 11, what is 4 - -3682?
3686
In base 16, what is 1 - -b748?
b749
In base 12, what is 5 - 289a6?
-289a1
In base 4, what is -1 + 11221232?
11221231
In base 6, what is -1